{"id":71,"date":"2024-01-24T06:43:00","date_gmt":"2024-01-24T05:43:00","guid":{"rendered":"https:\/\/elifestivalera.com\/?page_id=71"},"modified":"2025-08-07T21:23:05","modified_gmt":"2025-08-07T19:23:05","slug":"calendario-cultural","status":"publish","type":"page","link":"https:\/\/elifestivalera.com\/index.php\/calendario-cultural\/","title":{"rendered":"Calendario cultural"},"content":{"rendered":"\n<p class=\"has-text-align-center has-medium-font-size\">En este calendario cultural voy recopilando las fechas de los mejores eventos culturales del a\u00f1o. Encuentra fechas e informaci\u00f3n de cada evento sin importar d\u00f3nde est\u00e9s.<\/p>\n\n\n\n<div style=\"height:22px\" aria-hidden=\"true\" class=\"wp-block-spacer\"><\/div>\n\n\n\n<div class=\"wp-block-group is-vertical is-layout-flex wp-container-core-group-is-layout-fe9cc265 wp-block-group-is-layout-flex\">\n<div style=\"position: relative; width: 100%; padding-bottom: 75%; height: 0; overflow: hidden; border-radius: 12px;\">\n  <iframe \n    src=\"https:\/\/calendar.google.com\/calendar\/embed?src=elifestivalera%40gmail.com&#038;ctz=Europe%2FMadrid&#038;showTitle=0&#038;showPrint=0&#038;showTabs=0&#038;showCalendars=0&#038;mode=MONTH\" \n    style=\"position: absolute; top: 0; left: 0; width: 100%; height: 100%; border: none;\" \n    frameborder=\"0\" \n    scrolling=\"no\">\n  <\/iframe>\n<\/div>\n<\/div>\n\n\n\n<div style=\"height:22px\" aria-hidden=\"true\" class=\"wp-block-spacer\"><\/div>\n\n\n\n<p class=\"has-small-font-size\"><strong>IMPORTANTE:<\/strong> No se hace venta de entradas a trav\u00e9s de este sitio web, solo se proporciona informaci\u00f3n de la fecha, lugar y sitio web del evento. Es su responsabilidad confirmar que la p\u00e1gina de la venta de entradas sea el sitio oficial del evento.<\/p>\n\n\n\n<div style=\"height:22px\" aria-hidden=\"true\" class=\"wp-block-spacer\"><\/div>\n\n\n\n<div style=\"height:22px\" aria-hidden=\"true\" class=\"wp-block-spacer\"><\/div>\n\n\n\n<p><\/p>\n","protected":false},"excerpt":{"rendered":"<p>En este calendario cultural voy recopilando las fechas de los mejores eventos culturales del a\u00f1o. Encuentra fechas e informaci\u00f3n de cada evento sin importar d\u00f3nde est\u00e9s. IMPORTANTE: No se hace venta de entradas a trav\u00e9s de este sitio web, solo se proporciona informaci\u00f3n de la fecha, lugar y sitio web del evento. Es su responsabilidad [&hellip;]<\/p>\n","protected":false},"author":1,"featured_media":0,"parent":0,"menu_order":0,"comment_status":"closed","ping_status":"closed","template":"","meta":{"footnotes":""},"class_list":["post-71","page","type-page","status-publish","hentry"],"aioseo_notices":[],"_links":{"self":[{"href":"https:\/\/elifestivalera.com\/index.php\/wp-json\/wp\/v2\/pages\/71","targetHints":{"allow":["GET"]}}],"collection":[{"href":"https:\/\/elifestivalera.com\/index.php\/wp-json\/wp\/v2\/pages"}],"about":[{"href":"https:\/\/elifestivalera.com\/index.php\/wp-json\/wp\/v2\/types\/page"}],"author":[{"embeddable":true,"href":"https:\/\/elifestivalera.com\/index.php\/wp-json\/wp\/v2\/users\/1"}],"replies":[{"embeddable":true,"href":"https:\/\/elifestivalera.com\/index.php\/wp-json\/wp\/v2\/comments?post=71"}],"version-history":[{"count":13,"href":"https:\/\/elifestivalera.com\/index.php\/wp-json\/wp\/v2\/pages\/71\/revisions"}],"predecessor-version":[{"id":501,"href":"https:\/\/elifestivalera.com\/index.php\/wp-json\/wp\/v2\/pages\/71\/revisions\/501"}],"wp:attachment":[{"href":"https:\/\/elifestivalera.com\/index.php\/wp-json\/wp\/v2\/media?parent=71"}],"curies":[{"name":"wp","href":"https:\/\/api.w.org\/{rel}","templated":true}]}}